{"id":18,"date":"2025-02-01T22:44:37","date_gmt":"2025-02-01T21:44:37","guid":{"rendered":"https:\/\/plongee-guadeloupe-nautica.fr\/?page_id=18"},"modified":"2025-02-02T19:59:18","modified_gmt":"2025-02-02T18:59:18","slug":"bapteme","status":"publish","type":"page","link":"https:\/\/plongee-guadeloupe-nautica.fr\/index.php\/bapteme\/","title":{"rendered":"Bapt\u00eame"},"content":{"rendered":"<div data-colibri-id=\"18-c1\" class=\"style-244 style-local-18-c1 position-relative\">\n  <!---->\n  <div data-colibri-component=\"section\" data-colibri-id=\"18-c2\" id=\"about\" class=\"h-section h-section-global-spacing d-flex align-items-lg-center align-items-md-center align-items-center style-245 style-local-18-c2 position-relative\">\n    <!---->\n    <!---->\n    <div class=\"h-section-grid-container h-section-boxed-container\">\n      <!---->\n      <div data-colibri-id=\"18-c3\" class=\"h-row-container gutters-row-lg-0 gutters-row-md-0 gutters-row-0 gutters-row-v-lg-0 gutters-row-v-md-0 gutters-row-v-0 style-246 style-local-18-c3 position-relative\">\n        <!---->\n        <div class=\"h-row justify-content-lg-center justify-content-md-center justify-content-center align-items-lg-stretch align-items-md-stretch align-items-stretch gutters-col-lg-0 gutters-col-md-0 gutters-col-0 gutters-col-v-lg-0 gutters-col-v-md-0 gutters-col-v-0\">\n          <!---->\n          <div class=\"h-column h-column-container d-flex h-col-lg-auto h-col-md-auto h-col-auto style-247-outer style-local-18-c4-outer\">\n            <div data-colibri-id=\"18-c4\" class=\"d-flex h-flex-basis h-column__inner h-px-lg-0 h-px-md-0 h-px-0 v-inner-lg-0 v-inner-md-0 v-inner-0 style-247 style-local-18-c4 position-relative\">\n              <!---->\n              <!---->\n              <div class=\"w-100 h-y-container h-column__content h-column__v-align flex-basis-100 align-self-lg-start align-self-md-start align-self-start\">\n                <!---->\n                <div data-colibri-id=\"18-c5\" class=\"h-global-transition-all h-heading style-248 style-local-18-c5 position-relative h-element\">\n                  <!---->\n                  <div class=\"h-heading__outer style-248 style-local-18-c5\">\n                    <!---->\n                    <!---->\n                    <h5 class=\"\">Vos premi\u00e8res bulles !<\/h5>\n                  <\/div>\n                <\/div>\n                <div data-colibri-id=\"18-c7\" class=\"h-text h-text-component style-250 style-local-18-c7 position-relative h-element\">\n                  <!---->\n                  <!---->\n                  <div class=\"\">\n                    <p>Le club vous propose de d\u00e9couvrir la plong\u00e9e sous-marine en vous accompagnant lors de votre premi\u00e8re immersion. Nul besoin de certificat m\u00e9dical concernant cette premi\u00e8re plong\u00e9e.Encadr\u00e9 et guid\u00e9 par nos moniteurs dipl\u00f4m\u00e9s d\u2019\u00e9tat vous\n                      aurez alors le loisir d\u2019explorer la mer des Cara\u00efbes jusqu\u2019\u00e0 6 m\u00e8tres de profondeur, l\u00e0 o\u00f9 la lumi\u00e8re et la vie sont les plus pr\u00e9sentes !<\/p>\n                    <p>Le bapt\u00eame consiste en une immersion d\u2019une dur\u00e9e d\u2019<strong style=\"color: rgb(16, 155, 197); font-family: inherit; font-size: inherit;\">une vingtaine de minutes<\/strong>&nbsp;dans l\u2019eau, \u00e0 une profondeur maximale de<strong style=\"color: rgb(16, 155, 197); font-family: inherit; font-size: inherit;\">&nbsp;6 m\u00e8tres&nbsp;<\/strong>&nbsp;(2\n                      \u00e0 3 m\u00e8tres pour les enfants suivant l\u2019\u00e2ge) et \u00e9quip\u00e9 de tout l\u2019\u00e9quipement de plong\u00e9e, comprenant notamment la bouteille et le d\u00e9tendeur.<\/p>\n                    <p>L\u2019objectif est l<strong style=\"color: rgb(16, 155, 197); font-family: inherit; font-size: inherit;\">\u2018observation de la faune<\/strong>&nbsp;de l\u2019espace proche en toute s\u00e9curit\u00e9.<\/p>\n                    <p>Le bapt\u00eame est possible pour les enfants&nbsp;<strong style=\"font-size: inherit; font-family: inherit; color: rgb(16, 155, 197);\">\u00e0 partir de 7 ans.<\/strong>\n                      <br>Il suffit que l\u2019enfant en ait envie !<\/p>\n                  <\/div>\n                <\/div>\n              <\/div>\n            <\/div>\n          <\/div>\n          <div class=\"h-column h-column-container d-flex h-col-lg-auto h-col-md-auto h-col-auto style-251-outer style-local-18-c8-outer\">\n            <div data-colibri-id=\"18-c8\" class=\"d-flex h-flex-basis h-column__inner h-ui-empty-state-container h-px-lg-2 h-px-md-2 h-px-2 v-inner-lg-2 v-inner-md-2 v-inner-2 style-251 style-local-18-c8 position-relative\">\n              <!---->\n              <!---->\n              <div class=\"w-100 h-y-container h-column__content h-column__v-align flex-basis-100\">\n                <!---->\n              <\/div>\n            <\/div>\n          <\/div>\n        <\/div>\n      <\/div>\n    <\/div>\n  <\/div>\n<\/div>","protected":false},"excerpt":{"rendered":"<p>Vos premi\u00e8res bulles ! Le club vous propose de d\u00e9couvrir la plong\u00e9e sous-marine en vous accompagnant lors de votre premi\u00e8re immersion. Nul besoin de certificat m\u00e9dical concernant cette premi\u00e8re plong\u00e9e.Encadr\u00e9 et guid\u00e9 par nos moniteurs dipl\u00f4m\u00e9s d\u2019\u00e9tat vous aurez alors le loisir d\u2019explorer la mer des Cara\u00efbes jusqu\u2019\u00e0 6 m\u00e8tres de profondeur, l\u00e0 o\u00f9 la [&hellip;]<\/p>\n","protected":false},"author":1,"featured_media":0,"parent":0,"menu_order":0,"comment_status":"closed","ping_status":"closed","template":"page-templates\/full-width-page.php","meta":{"footnotes":""},"class_list":["post-18","page","type-page","status-publish","hentry"],"_links":{"self":[{"href":"https:\/\/plongee-guadeloupe-nautica.fr\/index.php\/wp-json\/wp\/v2\/pages\/18","targetHints":{"allow":["GET"]}}],"collection":[{"href":"https:\/\/plongee-guadeloupe-nautica.fr\/index.php\/wp-json\/wp\/v2\/pages"}],"about":[{"href":"https:\/\/plongee-guadeloupe-nautica.fr\/index.php\/wp-json\/wp\/v2\/types\/page"}],"author":[{"embeddable":true,"href":"https:\/\/plongee-guadeloupe-nautica.fr\/index.php\/wp-json\/wp\/v2\/users\/1"}],"replies":[{"embeddable":true,"href":"https:\/\/plongee-guadeloupe-nautica.fr\/index.php\/wp-json\/wp\/v2\/comments?post=18"}],"version-history":[{"count":8,"href":"https:\/\/plongee-guadeloupe-nautica.fr\/index.php\/wp-json\/wp\/v2\/pages\/18\/revisions"}],"predecessor-version":[{"id":488,"href":"https:\/\/plongee-guadeloupe-nautica.fr\/index.php\/wp-json\/wp\/v2\/pages\/18\/revisions\/488"}],"wp:attachment":[{"href":"https:\/\/plongee-guadeloupe-nautica.fr\/index.php\/wp-json\/wp\/v2\/media?parent=18"}],"curies":[{"name":"wp","href":"https:\/\/api.w.org\/{rel}","templated":true}]}}